42 (base 6) to base 2
110100110
What is -2012202 (base 4) in base 8?
-20642
303131 (base 4) to base 16
cdd
Convert -10874 (base 9) to base 7.
-30133
Convert 602 (base 10) to base 16.
25a
What is -3233032 (base 4) in base 6?
-154514
Convert -21211 (base 3) to base 5.
-1321
Convert 675 (base 10) to base 13.
3cc
What is 504a (base 12) in base 5?
234243
612 (base 8) to base 10
394
Convert 204004 (base 5) to base 3.
100021011
-136123 (base 7) to base 3
-1022211221
Convert 101100000100 (base 2) to base 8.
5404
Convert -72a (base 13) to base 4.
-103003
Convert 332310 (base 4) to base 2.
111110110100
-431 (base 16) to base 7
-3062
Convert 545215 (base 6) to base 2.
1011000010101011
What is -17026 (base 11) in base 4?
-11312302
Convert -5525 (base 8) to base 10.
-2901
225a (base 12) to base 15
11e4
What is -10011 (base 8) in base 7?
-14653
-1000011001 (base 2) to base 13
-324
Convert -123021 (base 4) to base 13.
-a38
What is -1100402 (base 5) in base 15?
-58bc
-2002 (base 8) to base 4
-100002
What is 444 (base 14) in base 9?
1137
What is -5233 (base 12) in base 6?
-105303
Convert 20231333 (base 4) to base 16.
8b7f
-9522 (base 11) to base 5
-400413
-29518 (base 11) to base 2
-1010001110011101
Convert 3674 (base 16) to base 13.
6464
What is -104 (base 16) in base 12?
-198
What is 19c8 (base 14) in base 10?
4684
What is -2b4b (base 14) in base 7?
-31324
What is 14d (base 15) in base 8?
452
What is -417d (base 14) in base 5?
-330113
Convert -141441 (base 8) to base 14.
-142c1
Convert 33003 (base 5) to base 16.
8cd
What is 6bb (base 15) in base 10?
1526
Convert -13a2 (base 11) to base 16.
-70e
Convert -220 (base 14) to base 10.
-420
-1040 (base 8) to base 4
-20200
-5474 (base 16) to base 11
-15275
-314 (base 7) to base 16
-9e
What is 3d3e (base 15) in base 14?
4ac5
What is 744 (base 11) in base 3?
1020011
What is -820 (base 9) in base 13?
-3c3
What is -1161 (base 7) in base 4?
-12303
What is -730 (base 10) in base 6?
-3214
880 (base 11) to base 3
1110010
-3412 (base 7) to base 6
-5414
335643 (base 7) to base 3
10000211210
What is 100112122 (base 3) in base 8?
15454
24441 (base 5) to base 3
2120022
-21330 (base 5) to base 11
-1112
What is -12734 (base 10) in base 11?
-9627
Convert -1445 (base 7) to base 3.
-210012
-311320 (base 4) to base 14
-1384
What is 4589 (base 12) in base 16?
1e39
1764 (base 15) to base 8
11664
Convert 397 (base 16) to base 3.
1021001
Convert -20025 (base 6) to base 12.
-1615
What is 1500 (base 7) in base 2?
1001001100
Convert -770 (base 13) to base 15.
-59e
What is -11100111101 (base 2) in base 12?
-10a5
Convert 607 (base 8) to base 6.
1451
What is 3233 (base 4) in base 10?
239
Convert 208a (base 11) to base 13.
1344
1311 (base 6) to base 14
199
What is -1000101011 (base 2) in base 13?
-339
What is -341 (base 15) in base 11?
-60a
Convert 7ba (base 13) to base 7.
3616
-11345 (base 14) to base 16
-a351
a7 (base 11) to base 5
432
-6383 (base 11) to base 13
-3ac3
Convert 5b61 (base 12) to base 5.
312142
Convert -3012001 (base 5) to base 12.
-23773
Convert 400442 (base 5) to base 11.
9535
What is 2825 (base 11) in base 2?
111001001001
What is 2334 (base 6) in base 7?
1432
Convert -780 (base 9) to base 10.
-639
What is 14d7 (base 15) in base 12?
2711
-7888 (base 10) to base 5
-223023
What is 701 (base 11) in base 6?
3532
Convert 2b67 (base 13) to base 8.
14302
-737 (base 11) to base 10
-887
Convert -12765 (base 11) to base 3.
-220222212
Convert -32242 (base 5) to base 11.
-1718
What is 12 (base 15) in base 11?
16
Convert 21750 (base 10) to base 3.
1002211120
What is 5062 (base 8) in base 6?
20030
Convert -132132 (base 5) to base 2.
-1010010101100
What is 685 (base 9) in base 10?
563
11110000110 (base 2) to base 14
9b8
What is 1591 (base 13) in base 5?
100120
Convert -113 (base 4) to base 15.
-18
Convert -1606 (base 8) to base 16.
-386
What is -11102211 (base 3) in base 9?
-4384
Convert 225 (base 9) to base 16.
b9
What is -2e5 (base 15) in base 4?
-22121
279a (base 13) to base 10
5704
What is 1208 (base 9) in base 3?
1020022
Convert 10331331 (base 4) to base 2.
100111101111101
What is -420 (base 11) in base 3?
-200202
-282 (base 14) to base 5
-4011
What is -911 (base 13) in base 12?
-a7b
Convert -205 (base 11) to base 4.
-3313
Convert -909 (base 11) to base 14.
-586
Convert 3043100 (base 5) to base 10.
49775
What is -100450 (base 6) in base 12?
-4726
What is 2ee (base 15) in base 6?
3042
What is 4153 (base 10) in base 11?
3136
What is -6758 (base 14) in base 6?
-214534
What is 121 (base 15) in base 6?
1104
Convert -18b7 (base 14) to base 11.
-33a7
-1020100101 (base 3) to base 7
-130606
Convert -14204 (base 6) to base 4.
-202330
Convert 101110110 (base 2) to base 6.
1422
Convert -111000 (base 3) to base 9.
-430
What is 12240 (base 12) in base 7?
131340
49cd (base 15) to base 11
1089a
-205213 (base 6) to base 9
-24830
503 (base 6) to base 16
b7
22201 (base 4) to base 10
673
Convert -1464 (base 7) to base 9.
-720
-1570 (base 8) to base 11
-738
-4b30 (base 13) to base 16
-29be
-5413 (base 6) to base 14
-641
11110100001 (base 2) to base 16
7a1
Convert -10101021 (base 3) to base 7.
-10120
Convert -b97 (base 13) to base 7.
-5532
Convert 101101101110 (base 2) to base 4.
231232
12113 (base 4) to base 15
1c2
101344 (base 5) to base 9
4531
101111 (base 3) to base 13
18a
What is -153552 (base 7) in base 9?
-45280
-1132222 (base 4) to base 3
-22022101
-10337 (base 8) to base 11
-3277
727 (base 15) to base 4
121030
What is 233002 (base 6) in base 5?
1120330
Convert 10101001010 (base 2) to base 5.
20404
Convert 1001100 (base 3) to base 15.
360
What is 15b62 (base 12) in base 15?
92de
What is 13112 (base 5) in base 6?
4440
-101012222 (base 3) to base 2
-1110100011011
-3776 (base 9) to base 2
-101100000111
17 (base 12) to base 14
15
-2190 (base 10) to base 5
-32230
Convert 2203 (base 4) to base 14.
b9
Convert a5b5 (base 12) to base 7.
103610
Convert -20c4 (base 15) to base 3.
-100111211
-17251 (base 10) to base 15
-51a1
What is -13a4 (base 11) in base 14?
-932
105344 (base 7) to base 13
8687
31003 (base 6) to base 11
30a4
What is -32440 (base 8) in base 3?
-200122201
Convert 112221012 (base 3) to base 5.
322021
What is 17571 (base 8) in base 3?
102001102
Convert -140320 (base 5) to base 14.
-211c
-11dd (base 16) to base 3
-20021101
Convert fb (base 16) to base 10.
251
23154 (base 6) to base 4
303232
Convert 23415 (base 7) to base 12.
35b3
Convert 7440 (base 10) to base 5.
214230
3ac (base 13) to base 6
3001
1100011001 (base 2) to base 11
661
-11101111000 (base 2) to base 5
-30122
What is -a76 (base 15) in base 6?
-14533
Convert -3032314 (base 5) to base 11.
-33972
Convert -11111011 (base 2) to base 12.
-18b
Convert -713 (base 8) to base 2.
-111001011
48a3 (base 14) to base 13
5a0c
What is 9c5 (base 13) in base 3?
2022022
-1053050 (base 6) to base 3
-2201211010
Convert -12212 (base 4) to base 8.
-646
5932 (base 11) to base 9
11603
1a7 (base 12) to base 11
227
What is fefe (base 16) in base 4?
33323332
-433431 (base 6) to base 7
-206245
41a5 (base 13) to base 12
5318
What is 104a8 (base 12) in base 2?
101001111000000
Convert -b4 (base 12) to base 9.
-161
7176 (base 8) to base 4
321332
What is 7f22 (base 16) in base 5?
2020141
212111 (base 4) to base 14
c73
Convert b18 (base 12) to base 13.
965
Convert -836a (base 11) to base 5.
-323322
Convert -220110 (base 3) to base 6.
-3020
Convert -244 (base 14) to base 11.
-381
Convert 111222101 (base 3) to base 15.
3044
Convert 561 (base 11) to base 12.
480
Convert -807 (base 9) to base 6.
-3011
Convert 5162 (base 7) to base 12.
1068
Convert 2009a (base 14) to base 8.
226250
Convert 160335 (base 7) to base 14.
b61c
Convert -2661 (base 15) to base 10.
-8191
-3ec (base 15) to base 7
-2421
Convert 13b (base 12) to base 7.
362
Convert 24b (base 12) to base 16.
15b
Convert 2948 (base 10) to base 15.
d18
12204 (base 9) to base 12
48a1
What is 323033 (base 4) in base 8?
7317
What is -17a1 (base 11) in base 7?
-6450
Convert 86 (base 13) to base 5.
420
What is -7b (base 16) in base 14?
-8b
What is -2402 (base 5) in base 2?
-101100000
-666 (base 7) to base 12
-246
Convert 251610 (base 7) to base 4.
23102313
What is -1000100100100000 (base 2) in base 7?
-204226
-191 (base 11) to base 9
-265
Convert 1232222 (base 4) to base 6.
